24. Determine w(o).
2
Let h(d) = -22*d**2 - 205*d - 15. Let g(l) = -7*l**2 - 65*l - 4. Let i(f) = -19*g(f) + 6*h(f). Give i(-8).
10
Let y(x) = -6*x**2 - 2031*x**3 - 3 + 510*x**3 + 506*x**3 + 507*x**3 + 507*x**3 + 41*x. Calculate y(-10).
-13
Let o(n) = -255 + 719 - 236 - 243 - n. Give o(-21).
6
Let s(c) = -71 - 72 - c + 153. Suppose 2*v + 8 = -3*m, -20 = m - 4*m + 5*v. Give s(m).
10
Let c(n) = 2450*n - 12252. Let u be c(5). Let h(v) be the third derivative of v**6/60 + v**5/20 + v**4/8 + v**2. Calculate h(u).
-10
Let i(n) = n - 5. Let g(z) = 5*z**2 + 5*z + 3. Let c(f) = 3*f**2 + 3*f + 2. Let a(o) = -7*c(o) + 4*g(o). Let d be a(-2). What is i(d)?
-9
Let z(k) = 32*k - 59. Let g(n) = 165*n - 296. Let l(m) = -2*g(m) + 11*z(m). Let r(y) = 5*y - 14. Let j(p) = 2*l(p) - 9*r(p). Give j(9).
3
Let o(c) = -2*c - 5*c**2 + 6*c + 100 - 95 - c**3 + 2*c**2. Suppose 9*v + 32 = v. What is o(v)?
5
Let v(n) = 146*n**2 + 2773 - 2757 - 147*n**2 - 5*n. Let k(r) = -r**3 - 6*r**2 + 2*r + 4. Let y be k(-6). Give v(y).
-8
Suppose 43*k - 112*k - 15 + 153 = 0. Let r(m) be the third derivative of -1/60*m**5 + 5*m**k - 5/12*m**4 - 1/3*m**3 + 0 + 0*m. Give r(-9).
7
Let v(g) = -45*g - 189. Let c(d) = 90*d + 331. Let o(q) = 4*c(q) + 7*v(q). What is o(-1)?
-44
Let y = -405 + 399. Let t(r) = r**2 + 7*r - 3. Determine t(y).
-9
Let j(h) be the second derivative of -h**4/8 + h**3/3 - h**2 - 4*h. Let k(x) be the first derivative of j(x). Let m be ((-395)/474)/((-20)/72). Give k(m).
-7
Let w be 40*((-20)/(-32) - (-42)/(-112)). Let z(y) = y - 9. Let k(m) = -4*m + 37. Let x(v) = 6*k(v) + 26*z(v). What is x(w)?
8
Let h(d) = -5*d**2. Let x = -26 + 30. Let m be (25/x - 3) + 3/(-12). Suppose -48*l = -45*l - m. Give h(l).
-5
Let t = 10 - 2. Let r be 3*3 + (11 - 14). Let g(m) = 4 - 5 - 19 + m + r. Calculate g(t).
-6
Let q(x) be the second derivative of x**5/20 - x**4/12 - x**3/6 - 2*x**2 + 2*x - 6. Suppose 3 + 3 = p. Suppose p = 6*h - 4*h. Give q(h).
11
Let b(z) = -3*z**2 - 5*z + 21. Let f(i) = 8*i**2 + 17*i - 62. Let s(k) = -11*b(k) - 4*f(k). Let h be 8 + (-20 + 0)/(-5). Calculate s(h).
5
Let o be -2*95/38 + (2 - 0). Let u(v) = -v**3 - 4*v**2 - 13*v + 5. Give u(o).
35
Let a(g) be the third derivative of g**6/360 + 11*g**5/120 - 13*g**4/24 + 35*g**3/3 - 4*g**2 + 16. Let c(v) be the first derivative of a(v). Determine c(-10).
-23
Let q(a) = -2*a**3 - 14*a**2 + 34*a + 153. Let m be q(-8). Let r(t) = 1. Let l(d) = d**2 - 10*d - 1. Let j(x) = -l(x) - 4*r(x). What is j(m)?
6
Suppose 13*b + 48 = -t, -3*b = 26*t - 23*t. Let s(g) = 15*g - 4. Determine s(b).
-64
Let t(a) = -a**2 - a + 9. Let y(f) = -f**3 + 22*f**2 + 13*f - 28. Let i be y(22). Let m = i - 258. Give t(m).
9
Let z(q) = -q**3. Let p(a) be the first derivative of -a**4/4 + a**3/3 - a**2 + a + 1. Let o(g) = p(g) - 3*z(g). Suppose -838 = -18*x - 820. Determine o(x).
2
Let c(s) = -s + 6. Let y = -346 + 360. Suppose -2*p = v - y, 3*v - 37 = 9*p - 14*p. Calculate c(p).
1
Let o(r) = r**3 + 2*r**2 + 3*r + 3. Let l(s) = -s**2 - 1. Let v(j) = -3*l(j) - o(j). Let c(p) be the second derivative of v(p). Calculate c(-3).
20
Let y(l) = l**3 + 7*l**2 + l + 3. Let b be (-8)/(-10)*20/8. Let p(x) = 8 + 7*x + 9*x - 2*x**b - 17*x. Let i be p(-3). Determine y(i).
-4
Let u(y) = -9*y**3 + y**2 - 4*y - 5. Let r(l) = 2*l**3 + l**2 + 1. Let b(a) = -2*a + 6. Let v be b(1). Let o(g) = v*r(g) + u(g). What is o(3)?
5
Let q(y) = -7 - 100*y + 199*y - 110*y + 165. What is q(15)?
-7
Let l be (6/(-5))/(7 + (-1644)/240). Let a(i) = -i**2 - 16*i - 71. What is a(l)?
-7
Let k(l) be the second derivative of l**5/20 + l**4/6 + l**3/3 - l**2/2 + 100*l + 32. Give k(-2).
-5
Let z = -40 + -136. Let a = z - -174. Let w(p) = 4*p + 1. Give w(a).
-7
Let r = -244 - -300. Let q(h) = -52*h - r*h + 105*h + 4. What is q(-3)?
13
Let z(c) be the third derivative of 0*c**4 - 1/120*c**6 - 47*c**2 + 2/3*c**3 + 0*c**5 + 0*c - 3. Give z(0).
4
Let x(f) = -f**3 - 149*f + 4993 - 4996 + 141*f + 8*f**2. What is x(7)?
-10
Let d(s) = s**2 - 3*s - 6. Let g(j) = -j**3 + 14*j**2 - 14*j + 9. Suppose 0 = -m - 2*i + 20 - 7, -m - 4*i = -13. Let b be g(m). Give d(b).
22
Suppose 5*i + 8 = 5*k - 37, -34 = 4*i - 3*k. Let d(y) = 1. Let w(o) = o + 11. Let v(g) = d(g) - w(g). Give v(i).
-3
Let p(m) be the third derivative of -11*m**6/720 + m**5/120 + 3*m**4 + 67*m**2. Let r(z) be the second derivative of p(z). What is r(1)?
-10
Let c(y) = -2*y**2 + 11*y - 7. Let z be c(4). Suppose 3*q = -z*q. Suppose -j + 0*j = -t + 5, -4*t + 12 = q. Let s(l) = 2*l**2 + l. Calculate s(j).
6
Let u be 0 + (10 - 12) + 2*3. Suppose -p - 2*g - 20 = -5*g, -4*p - u*g = 0. Let l(m) = -m**2 + 1. What is l(p)?
-24
Let m(v) = v + 1. Let y(a) be the third derivative of -a**5/30 - 7*a**4/12 - a**3 + 25*a**2. Let d be y(-6). Suppose 8*i - 56 = -d*i. What is m(i)?
5
Let f(r) be the first derivative of r**3 + 2*r**2 - 4*r + 118. Calculate f(-6).
80
Let m(v) = -v**2 + 2*v + 5. Let d be m(3). Suppose c = -3*w - 10, -d*c + 10 = -5*w - 7*c. Let t(j) = 2*j**2 + 5*j - 4. What is t(w)?
8
Let k(g) = 14*g + 49. Suppose 136 = 14*z + 192. Calculate k(z).
-7
Let t(w) = w**2 + 7*w + 11. Let j be (-9)/(0 + 3) - (-182 + 189). Determine t(j).
41
Let b(g) = 787 - 2*g**2 + 784 - 1566 + 6*g. Calculate b(5).
-15
Let k(n) = 3*n**2 - 15*n - 1. Let j = -4816 + 4824. What is k(j)?
71
Let c(z) = -z**2 - 39*z + 5. Let f(l) = 2*l**2 + 68*l - 11. Let m(q) = -5*c(q) - 3*f(q). Give m(-9).
8
Suppose 5*i + 4 = 3*i. Let y(q) = -2 - 9*q - 9*q - 16*q + 28*q. Calculate y(i).
10
Let a(s) be the second derivative of -22*s**3/3 - s**2/2 + 96*s. Determine a(2).
-89
Let q(s) = 5*s + 27. Let n(z) = 468*z + 3263. Let b be n(-7). Give q(b).
-38
Let u(a) = a**3 + 8*a**2 - 9*a - 6. Let z be u(-9). Let h(p) be the second derivative of -4*p**2 - 1/20*p**5 + 0 - 5/12*p**4 - 21*p + p**3. Calculate h(z).
-8
Let y(o) be the third derivative of -o**4/24 - 13*o**3/6 - 302*o**2. Calculate y(-9).
-4
Suppose 0 = -160*w - 532 - 647 + 379. Let p(v) be the third derivative of -v**5/60 - 5*v**4/24 + v**3/2 - 6*v**2. Give p(w).
3
Suppose -4*m - d = -40, 4*m - 11 = 4*d + 49. Let a(s) = -6*s + 58. Let q be a(m). Let o(u) = -u**3 - 9*u**2 - 6*u - 3. What is o(q)?
-19
Let z(a) = 4*a**2 - 21*a - 52. Let u be (-8)/14*29/29*28/8. What is z(u)?
6
Let o(f) be the second derivative of 0 - 3/2*f**2 - 43*f - 1/3*f**3. Give o(3).
-9
Suppose u + 70 = -q, -u - 4*u - 347 = 2*q. Let k be u/18 - (-3)/(-18). Let r(b) = 648*b + 78. Let x(p) = 151*p + 18. Let j(c) = 7*r(c) - 30*x(c). Give j(k).
-18
Let y(h) = h**3 - 9*h**2 - 15*h + 13. Let z(j) = -3*j**3 + 27*j**2 + 44*j - 39. Let b(a) = -11*y(a) - 4*z(a). Determine b(10).
3
Let m(a) = -a**2 - 8*a - 5. Let h be m(-7). Let i be (3/2)/(h - (-19)/(-8)). Let w(u) = -u**2 - 5*u - 6. Determine w(i).
-2
Let b(x) = -8*x**2 - x**3 - x**3 + x**3 - 2*x + 5 + 3*x. Let w = -86 - -86. Let c be w + (-2 - 1) + -5. Give b(c).
-3
Let o(u) be the first derivative of -5*u**2 - 13*u + 891. Calculate o(-8).
67
Suppose 101 = 13*d + 4*h, -3*d + 167 - 188 = -4*h. Let u(r) = -16*r - 13. Give u(d).
-93
Let p(y) be the first derivative of -5*y**2 - 1/3*y**3 - 98 - 7*y. Calculate p(-8).
9
Suppose 4*n + 5*h = 9 + 24, -2*n + 19 = 3*h. Let v(w) = -196*w + 195*w + 7 - 4*w**n - 2*w**3 - 5. Give v(-2).
4
Suppose 51 = 8*x + 27. Let w(j) = -57 + 4*j**2 + j**2 - x*j + 54 - j**3. Calculate w(3).
6
Let b(g) = 364*g - 4739. Let i be b(13). Let v(j) = -8*j - 64. What is v(i)?
-8
Let w(n) be the first derivative of -152 + 1/3*n**3 - 11/2*n**2 + 11*n. Calculate w(9).
-7
Suppose 5*w - 11*g + 103 = 0, 0*g - g + 11 = -w. Let t(v) = 19*v + 39. Give t(w).
-18
Let q(k) = -2*k**2 - k + 85. Let h be q(0). Let g(u) = -3*u**2 - 2*u**2 - 86 + h + 3*u**2 + 2*u. Calculate g(1).
-1
Let n be 0/(-1*2) - -2. Let z(x) = 0*x**n - x**2 - x - 3*x + 6. Suppose 102*a = -356 - 154. Calculate z(a).
1
Suppose 5*j = -5*s + 3*j - 35, 3*j + 10 = s. Let u(g) be the first derivative of -3*g**2/2 + 3*g - 15. Give u(s).
18
Let y(t) = -3*t + 2*t - 25 + 15. Let b be y(-3). Let r be (3 + -5)/(b/(42/(-4))). Let g(x) = x**2 - 3. Calculate g(r).
6
Let d(j) = -j**2 + 131*j - 3. Let t(k) = -2*k**2 - 3*k + 1. Let l(o) = -d(o) + 3*t(o). Determine l(-28).
6
Let b(t) = -3*t**2 + 50*t - 174. Let v be b(12). Let w(h) = 3*h**2 + 20*h + 10. Give w(v).
-2
Let n(t) = -5*t